 2. Let t be n(-6). Suppose 42 + 14 = t*i. What is the units digit of i?
4
Let g = 7 - 12. What is the units digit of 0 - -2 - (4 + g)?
3
Suppose 5*i + 2 = -3*f - 1, 2*f = -i - 2. Suppose -5*o + 63 + 172 = i. What is the tens digit of o?
4
Suppose 0 = -2*r + 17 + 43. What is the units digit of r?
0
What is the tens digit of (-129)/((2/(-4))/(75/90))?
1
Let t(b) = b**2 + 7*b - 3. Let c be t(-8). Let f(w) = 3*w + 10. What is the tens digit of f(c)?
2
Let f(j) = -3*j + 18. Let a be f(-5). Let k be -1*(0 + 1) + -19. Let o = k + a. What is the units digit of o?
3
Suppose 0*x - q = 5*x - 176, -3*x + 4*q = -124. What is the tens digit of x?
3
Let p(x) = -5*x**3 - 3*x**2 + 2. Let j(h) = -h**3 + h**2 + h. Let m(v) = -4*j(v) + p(v). Let i be m(-6). What is the units digit of (-1)/(2/i) + -1?
4
Let y = -43 - -118. What is the units digit of y?
5
Suppose 6*p - 132 = 4*p. What is the units digit of p?
6
Suppose -2*w + 236 = -0*w. What is the units digit of w?
8
Suppose -n - 2*m = -0*m - 7, 0 = -2*n + 5*m + 32. Suppose 12 = 4*j, 4*x = 4*j + n + 17. What is the units digit of x/25 + 16/10?
2
Let g be 0/((-4)/((-12)/(-3))). Suppose -6*k = -g*k - 252. What is the tens digit of k?
4
Let l(y) = -28*y - 1. Suppose 0 = 4*k + 5*m + 1 + 18, 5*k = -3*m - 14. Let h be l(k). Suppose 4*b + d = h, -4*d + 42 = 6*b - b. What is the units digit of b?
6
Let z(g) = 2*g**3 - 8*g**2 + 5*g + 21. What is the hundreds digit of z(6)?
1
Let h(f) = 6*f. Let k be h(-1). Let r be 80/15*k/(-4). What is the units digit of 1/(-4) - (-34)/r?
4
Let m(h) = h**3 - 7*h**2 - 8*h - 3. Let j be m(8). Let b be 3*((-8)/j - 0). Suppose 4*n - b = 8. What is the units digit of n?
4
What is the tens digit of (5 + -4)*(-2 - 1) + 21?
1
Let a = -29 + 14. What is the units digit of (a/10)/((-2)/4)?
3
Let j(s) = s**2 - 2*s - 1. Let w be j(3). Let i be -3 - (-8)/1 - 3. Let k = w + i. What is the units digit of k?
4
Let r be 2/9 - 466/(-9). Let b = r + -36. What is the tens digit of b?
1
Let s(l) = l**3 + 14*l**2 + 4. What is the units digit of s(-14)?
4
Let j be (-54)/(-3) + (0 - 2). Suppose 5*u - v - j = -0*v, -5*u + 3*v = -8. What is the units digit of u?
4
Let b = 10 - -14. Let s = 40 - b. What is the tens digit of s + 0*(-1)/(-2)?
1
Let b(t) = 10*t**2 + t + 2. Let g be b(3). Suppose 2*s - g = -3*s. Suppose 2*k + s = 3*c, -k - 13 = -3*c + 1. What is the units digit of c?
3
Let k(o) = -3*o**3 + 8*o**2 - 2*o + 2. Let x(q) = -7*q**3 + 17*q**2 - 4*q + 3. Let f(d) = 5*k(d) - 2*x(d). What is the tens digit of f(5)?
1
Let i(g) = 8*g**2 - 7*g + 11. What is the tens digit of i(3)?
6
What is the hundreds digit of 1 - 20/35 - (-7614)/21?
3
What is the units digit of ((-5 - -4) + 2)*(-1)/(-1)?
1
Suppose -5 = 3*j + 5*l + 8, -2*j - l = 4. Let o be -1 + j + 0 - -7. What is the units digit of o*2*1/2?
5
Suppose -z - 3 = 0, z = -4*p - 1 - 2. What is the units digit of p + 2 + 2 + 0?
4
Suppose -4*j + 5*m + 95 = -2*j, 5*j - 180 = m. What is the units digit of j?
5
Suppose 3*u - 6*u = -156. What is the units digit of u?
2
Let q be (1 - 4) + -1 + 18. Suppose 3*x - 4*x = -q. What is the units digit of x?
4
Suppose -n - 5*a + 162 = 0, 3*n - 4*a = -a + 522. What is the hundreds digit of n?
1
What is the tens digit of 317/2 + (-5)/(-10)?
5
Let w(n) = -n + 19. Let y be w(0). Let u = -13 + y. What is the units digit of u?
6
Suppose -64 = 5*f + x, 2*x = -0*x - 8. Let w = -8 - f. What is the units digit of w?
4
Let o(z) = z**3 + 8*z**2 - 6*z - 26. What is the tens digit of o(-8)?
2
Let q be 2*((-2)/1)/4. What is the tens digit of (1 - q) + (-90)/(-6)?
1
What is the units digit of (-8)/(-16) - 5/(30/(-783))?
1
What is the units digit of -12*((-7)/14 + -32 + 3)?
4
Let v(w) = -w + 8. What is the units digit of v(4)?
4
Let l(p) be the third derivative of p**5/60 - p**4/12 + p**3/2 - p**2. Let t be l(2). What is the units digit of t + (-1)/(0 - -1)?
2
Suppose 3*w + 7 - 16 = 0. Suppose -5*j - 2*t - 18 = 0, -1 = 2*t + 7. What is the units digit of (-8)/((-6)/w) - j?
6
Let w(h) = 2*h - 22. What is the units digit of w(14)?
6
Let w(s) = -s - 4. Let u be w(-9). Let y = 11 - u. What is the units digit of y?
6
Suppose -3*p = -3*k + 84, -3*k + 91 = 3*p + p. What is the units digit of k?
9
Let u(g) = g**2 - 8*g - 7. Let m be 2/9 + 395/45. Let s be u(m). What is the units digit of s/2*(4 - -2)?
6
What is the units digit of 1*-18*(-12)/8?
7
Let y(c) = -c**3 + 7*c**2 - 3*c + 15. What is the tens digit of y(6)?
3
Suppose -7 - 9 = 4*b. What is the units digit of (-27)/36 + (-19)/b?
4
Suppose -73 = 5*h - 443. What is the units digit of h?
4
Suppose 2*b - 29 = -5*h, 4*h = 3*b + 4 + 10. Let c = 7 - h. What is the units digit of 21/(-2)*c/(-3)?
7
Let p = -2 - 0. Let a be ((-12)/(-15))/(p/(-5)). Suppose a*d - 4*d = -10. What is the units digit of d?
5
Suppose -2*i + 10 = 5*z, 2*z + 6 = 2. What is the tens digit of i?
1
Let q = 51 - -18. What is the tens digit of q?
6
Let j = 470 + -191. What is the hundreds digit of j?
2
Let q be (2/(-6))/((-1)/15). Suppose q*r = g + 85, 4*r - 5*g + 0*g = 89. What is the units digit of r?
6
Let x(p) = p**2 + p - 2. Let s be x(0). Let n be 4 - (2/(-2) - s). Suppose -2*r = n*r - 45. What is the units digit of r?
9
Let o = -20 - -10. Let j = -47 + 30. Let d = o - j. What is the units digit of d?
7
Let r(a) = -a + 3. Suppose 2*s = -5*x - 3*s - 60, 48 = -4*x + 2*s. What is the tens digit of r(x)?
1
Let f = -2 + 3. Let g(v) = 7*v - 20*v - 1 + 15*v + 4*v**2. What is the units digit of g(f)?
5
Let x(b) = -2*b - 17. Let f be x(-14). Suppose -h - 5 = 4*h, 0 = 5*v + 4*h - f. What is the units digit of v?
3
Let r = 5 - 14. Let g = -7 - r. What is the units digit of g?
2
Let y(p) be the third derivative of p**5/60 - 3*p**4/8 + 2*p**3 - 3*p**2. Let x be y(8). What is the tens digit of (16/(-3))/x*-12?
1
Suppose -2*o = -o + 3. What is the units digit of o + 2 + (-1 - -21)?
9
Let r be (5/3)/(2/12). Let q = -5 - -2. Let g = q + r. What is the units digit of g?
7
Suppose -2*v = -2*i + 28 - 2, -3*i + 5*v = -33. Let s be i/24 + (-100)/6. Let u = s + 24. What is the units digit of u?
8
What is the tens digit of 9 + 6/(-1 + 3)?
1
Suppose -15 = -i + 14. What is the tens digit of i?
2
Let x be 5*1/(-4)*-4. Suppose -159 = -x*g - z, 4*z = -6*g + g + 171. What is the units digit of g?
1
Suppose 5*d = 30 + 245. What is the tens digit of d?
5
Let o(s) = -s + s + 6 + 2*s + 0. What is the tens digit of o(7)?
2
Let i = -13 + 50. What is the tens digit of i?
3
Let t be 0/(6 + -3 - 4). Suppose 4*b + 4*a = 3*b + 9, 5*b - 4*a + 3 = t. What is the units digit of b?
1
Let t be 4/(-8) + (-14)/(-4). Suppose 2*j = -s - 4 + 11, 0 = 3*s + t*j - 33. What is the tens digit of s?
1
Let k(u) = -u**3 - 6*u**2 + 7*u + 8. Let m = -1 + -3. Let o be 29/(-4) + (-1)/m. What is the units digit of k(o)?
8
Let a(h) = 6*h**2 + 6*h + 4 - 5*h + 0 + h**3. Let y be a(-6). What is the tens digit of -1 + y*2*-3?
1
Let s be (0 - -1)*(-74)/(-1). Let x = -49 + s. Let y = x + -16. What is the units digit of y?
9
Let i = -155 + 413. What is the units digit of i?
8
Suppose 4*a - 1 = -17. Let m(j) = -j**2 - 4*j + 4. Let s be m(a). Suppose -1 = -d + s. What is the units digit of d?
5
Let v be ((-2)/(-2)*0)/(-2). Let m = 3 - v. What is the units digit of m?
3
Let l = -149 + 319. Suppose -4*t + 114 = -2*h, 2*h = 5*t + 5*h - l. What is the units digit of t?
1
Let c(j) = 11*j - 12. What is the tens digit of c(5)?
4
Suppose x - 3 = -b + 3, 0 = -3*x + 3*b + 12. Let o = 16 - x. What is the tens digit of o?
1
Suppose 47 = -2*v + 7. Let j(c) = c**2 - 7*c - 14. Let w be j(11). Let r = v + w. What is the units digit of r?
0
Let q(o) be the second derivative of o**5/20 - o**4/3 - 5*o**3/6 + 3*o**2/2 - o. Let i = 4 + 1. What is the units digit of q(i)?
3
Let r(s) = s**2 - 4*s - 4. Let v be r(5). What is the units digit of (-2)/(v - (-33)/(-31))?
1
Let o = -8 - -28. What is the tens digit of o?
2
What is the tens digit of 2/(-11) + (-3320)/(-110)?
3
Suppose 0 = -7*q + 169 + 755. What is the tens digit of q?
3
What is the hundreds digit of 4 + -4 + 167 + 1?
1
Suppose 148 = 3*d + 5*l, 0 = 4*d - 0*l - 4*l - 144. What is the tens digit of d?
4
Suppose -5*p = -0*p. Suppose 2*g - 7*g + 55 = p. What is the tens digit of g?
1
Let g(q) = q**2 + q - 1. Let v be g(-2). Let d be v/(-2) - 75/(-6). Suppose 3*t = b - 